{"id":4061,"date":"2025-11-30T17:11:09","date_gmt":"2025-11-30T17:11:09","guid":{"rendered":"https:\/\/lescreac.fr\/?post_type=product&#038;p=4061"},"modified":"2025-12-07T21:16:28","modified_gmt":"2025-12-07T21:16:28","slug":"bob-bonnet","status":"publish","type":"product","link":"https:\/\/lescreac.fr\/?product=bob-bonnet","title":{"rendered":"Bob \/ Bonnet"},"content":{"rendered":"","protected":false},"excerpt":{"rendered":"<p>Optez pour la douceur et la chaleur avec notre bonnet en fil chenille 100% polyester. Son toucher moelleux et son aspect textur\u00e9 en font un indispensable pour affronter l\u2019hiver avec style. L\u00e9ger mais bien chaud, il s\u2019adapte \u00e0 toutes vos sorties, qu\u2019elles soient urbaines ou en pleine nature.<\/p>\n<p>Un accessoire confortable, fait main, qui allie \u00e9l\u00e9gance et praticit\u00e9.<\/p>\n","protected":false},"featured_media":4071,"comment_status":"closed","ping_status":"closed","template":"","meta":[],"product_brand":[],"product_cat":[26],"product_tag":[],"class_list":{"0":"post-4061","1":"product","2":"type-product","3":"status-publish","4":"has-post-thumbnail","6":"product_cat-automne-hiver","8":"first","9":"instock","10":"taxable","11":"shipping-taxable","12":"purchasable","13":"product-type-variable"},"jetpack_sharing_enabled":true,"_links":{"self":[{"href":"https:\/\/lescreac.fr\/index.php?rest_route=\/wp\/v2\/product\/4061","targetHints":{"allow":["GET"]}}],"collection":[{"href":"https:\/\/lescreac.fr\/index.php?rest_route=\/wp\/v2\/product"}],"about":[{"href":"https:\/\/lescreac.fr\/index.php?rest_route=\/wp\/v2\/types\/product"}],"replies":[{"embeddable":true,"href":"https:\/\/lescreac.fr\/index.php?rest_route=%2Fwp%2Fv2%2Fcomments&post=4061"}],"wp:featuredmedia":[{"embeddable":true,"href":"https:\/\/lescreac.fr\/index.php?rest_route=\/wp\/v2\/media\/4071"}],"wp:attachment":[{"href":"https:\/\/lescreac.fr\/index.php?rest_route=%2Fwp%2Fv2%2Fmedia&parent=4061"}],"wp:term":[{"taxonomy":"product_brand","embeddable":true,"href":"https:\/\/lescreac.fr\/index.php?rest_route=%2Fwp%2Fv2%2Fproduct_brand&post=4061"},{"taxonomy":"product_cat","embeddable":true,"href":"https:\/\/lescreac.fr\/index.php?rest_route=%2Fwp%2Fv2%2Fproduct_cat&post=4061"},{"taxonomy":"product_tag","embeddable":true,"href":"https:\/\/lescreac.fr\/index.php?rest_route=%2Fwp%2Fv2%2Fproduct_tag&post=4061"}],"curies":[{"name":"wp","href":"https:\/\/api.w.org\/{rel}","templated":true}]}}