{"id":4154,"date":"2025-11-30T18:04:28","date_gmt":"2025-11-30T18:04:28","guid":{"rendered":"https:\/\/lescreac.fr\/?post_type=product&#038;p=4154"},"modified":"2026-03-11T14:21:55","modified_gmt":"2026-03-11T14:21:55","slug":"sac-nautilus","status":"publish","type":"product","link":"https:\/\/lescreac.fr\/?product=sac-nautilus","title":{"rendered":"Nautilus"},"content":{"rendered":"","protected":false},"excerpt":{"rendered":"<p>Inspir\u00e9 des courbes raffin\u00e9es du coquillage, Nautilus est un sac unique, enti\u00e8rement r\u00e9alis\u00e9 \u00e0 la main en tissu recycl\u00e9 au crochet, alliant style, savoir-faire et engagement \u00e9thique. Sa forme spiral\u00e9e capture l\u2019esprit de l\u2019oc\u00e9an tout en apportant une touche chic et naturelle \u00e0 vos tenues.<\/p>\n<p>Son format pratique accueille vos essentiels avec l\u00e9g\u00e8ret\u00e9, une pochette de soie inclus. Anse raffin\u00e9e pour une allure citadine, Nautilus s\u2019adapte \u00e0 votre style.<\/p>\n<p>Un accessoire intemporel pour celles qui conjuguent artisanat, f\u00e9minit\u00e9 et conscience \u00e9cologique, dans un esprit r\u00e9solument chic.<\/p>\n","protected":false},"featured_media":4081,"comment_status":"closed","ping_status":"closed","template":"","meta":[],"product_brand":[],"product_cat":[27],"product_tag":[],"class_list":{"0":"post-4154","1":"product","2":"type-product","3":"status-publish","4":"has-post-thumbnail","6":"product_cat-creation-en-stock","8":"first","9":"instock","10":"sale","11":"taxable","12":"shipping-taxable","13":"purchasable","14":"product-type-simple"},"jetpack_sharing_enabled":true,"_links":{"self":[{"href":"https:\/\/lescreac.fr\/index.php?rest_route=\/wp\/v2\/product\/4154","targetHints":{"allow":["GET"]}}],"collection":[{"href":"https:\/\/lescreac.fr\/index.php?rest_route=\/wp\/v2\/product"}],"about":[{"href":"https:\/\/lescreac.fr\/index.php?rest_route=\/wp\/v2\/types\/product"}],"replies":[{"embeddable":true,"href":"https:\/\/lescreac.fr\/index.php?rest_route=%2Fwp%2Fv2%2Fcomments&post=4154"}],"wp:featuredmedia":[{"embeddable":true,"href":"https:\/\/lescreac.fr\/index.php?rest_route=\/wp\/v2\/media\/4081"}],"wp:attachment":[{"href":"https:\/\/lescreac.fr\/index.php?rest_route=%2Fwp%2Fv2%2Fmedia&parent=4154"}],"wp:term":[{"taxonomy":"product_brand","embeddable":true,"href":"https:\/\/lescreac.fr\/index.php?rest_route=%2Fwp%2Fv2%2Fproduct_brand&post=4154"},{"taxonomy":"product_cat","embeddable":true,"href":"https:\/\/lescreac.fr\/index.php?rest_route=%2Fwp%2Fv2%2Fproduct_cat&post=4154"},{"taxonomy":"product_tag","embeddable":true,"href":"https:\/\/lescreac.fr\/index.php?rest_route=%2Fwp%2Fv2%2Fproduct_tag&post=4154"}],"curies":[{"name":"wp","href":"https:\/\/api.w.org\/{rel}","templated":true}]}}