{"id":4162,"date":"2025-11-30T18:23:03","date_gmt":"2025-11-30T18:23:03","guid":{"rendered":"https:\/\/lescreac.fr\/?post_type=product&#038;p=4162"},"modified":"2026-01-29T22:48:39","modified_gmt":"2026-01-29T22:48:39","slug":"bracelet-torsade-en-tissu-recycle","status":"publish","type":"product","link":"https:\/\/lescreac.fr\/?product=bracelet-torsade-en-tissu-recycle","title":{"rendered":"Bracelet torsad\u00e9 en tissu recycl\u00e9"},"content":{"rendered":"","protected":false},"excerpt":{"rendered":"<p>Adoptez un style unique et responsable avec ce bracelet torsad\u00e9 fabriqu\u00e9 \u00e0 partir de tissu 100% recycl\u00e9 et en acier inoxydable. Confortable, l\u00e9ger et color\u00e9, il est l\u2019accessoire parfait pour ajouter une touche \u00e9thique et tendance \u00e0 vos tenues.<\/p>\n<p>\u2728 Caract\u00e9ristiques :<\/p>\n<p>Mati\u00e8re : tissu recycl\u00e9, acier inoxydable<\/p>\n<p>Fermoir : mousqueton dor\u00e9 avec finition \u00e9l\u00e9gante<\/p>\n<p>Breloque :\u00a0queue de poisson, Hippocames, Bulot, M\u00e9duse, Fleurs, Fleurs marguerite, papillon, c\u0153ur, n\u0153ud, tr\u00e8fle, libellule, fleur de n\u00e9nuphar, papillon 2, Plume, fleur d\u2019hibiscus, feuille de palmier.<\/p>\n<p>Chaque bracelet est confectionn\u00e9 \u00e0 la main avec soin, ce qui en fait une pi\u00e8ce unique.<\/p>\n","protected":false},"featured_media":6190,"comment_status":"closed","ping_status":"closed","template":"","meta":[],"product_brand":[],"product_cat":[37],"product_tag":[],"class_list":{"0":"post-4162","1":"product","2":"type-product","3":"status-publish","4":"has-post-thumbnail","6":"product_cat-bracelets","8":"first","9":"instock","10":"taxable","11":"shipping-taxable","12":"purchasable","13":"product-type-variable"},"jetpack_sharing_enabled":true,"_links":{"self":[{"href":"https:\/\/lescreac.fr\/index.php?rest_route=\/wp\/v2\/product\/4162","targetHints":{"allow":["GET"]}}],"collection":[{"href":"https:\/\/lescreac.fr\/index.php?rest_route=\/wp\/v2\/product"}],"about":[{"href":"https:\/\/lescreac.fr\/index.php?rest_route=\/wp\/v2\/types\/product"}],"replies":[{"embeddable":true,"href":"https:\/\/lescreac.fr\/index.php?rest_route=%2Fwp%2Fv2%2Fcomments&post=4162"}],"wp:featuredmedia":[{"embeddable":true,"href":"https:\/\/lescreac.fr\/index.php?rest_route=\/wp\/v2\/media\/6190"}],"wp:attachment":[{"href":"https:\/\/lescreac.fr\/index.php?rest_route=%2Fwp%2Fv2%2Fmedia&parent=4162"}],"wp:term":[{"taxonomy":"product_brand","embeddable":true,"href":"https:\/\/lescreac.fr\/index.php?rest_route=%2Fwp%2Fv2%2Fproduct_brand&post=4162"},{"taxonomy":"product_cat","embeddable":true,"href":"https:\/\/lescreac.fr\/index.php?rest_route=%2Fwp%2Fv2%2Fproduct_cat&post=4162"},{"taxonomy":"product_tag","embeddable":true,"href":"https:\/\/lescreac.fr\/index.php?rest_route=%2Fwp%2Fv2%2Fproduct_tag&post=4162"}],"curies":[{"name":"wp","href":"https:\/\/api.w.org\/{rel}","templated":true}]}}