{"id":6061,"date":"2025-12-10T14:00:32","date_gmt":"2025-12-10T14:00:32","guid":{"rendered":"https:\/\/lescreac.fr\/?post_type=product&#038;p=6061"},"modified":"2025-12-10T15:39:50","modified_gmt":"2025-12-10T15:39:50","slug":"soraya","status":"publish","type":"product","link":"https:\/\/lescreac.fr\/?product=soraya","title":{"rendered":"Soraya"},"content":{"rendered":"","protected":false},"excerpt":{"rendered":"<p>D\u00e9couvrez <strong>Soraya<\/strong>, une pi\u00e8ce artisanale au charme magn\u00e9tique, confectionn\u00e9e \u00e0 la main au crochet avec du <strong>tissu recycl\u00e9<\/strong> soigneusement s\u00e9lectionn\u00e9. Son maillage g\u00e9n\u00e9reux m\u00eale <strong>des plusieurs tons et dor\u00e9s \u00e9clatants<\/strong>, offrant un subtil contraste entre douceur et lumi\u00e8re.<\/p>\n<p>Sa <strong>anse cha\u00eene dor\u00e9e<\/strong>, d\u00e9licatement <strong>enlac\u00e9e de tissu<\/strong>, ajoute une touche de sophistication tout en assurant confort et originalit\u00e9.<\/p>\n<p>Pens\u00e9 pour les femmes qui aiment allier <strong>style responsable<\/strong>\u00a0et <strong>\u00e9l\u00e9gance affirm\u00e9e<\/strong>, le sac Soraya est l\u2019accessoire id\u00e9al pour illuminer vos tenues, de jour comme de nuit.<\/p>\n<p>\u2728 <strong>Fait main \u2013 pi\u00e8ce unique, \u00e9thique et chic.<\/strong><\/p>\n","protected":false},"featured_media":6059,"comment_status":"closed","ping_status":"closed","template":"","meta":[],"product_brand":[],"product_cat":[27],"product_tag":[],"class_list":{"0":"post-6061","1":"product","2":"type-product","3":"status-publish","4":"has-post-thumbnail","6":"product_cat-creation-en-stock","8":"first","9":"instock","10":"taxable","11":"shipping-taxable","12":"purchasable","13":"product-type-variable"},"jetpack_sharing_enabled":true,"_links":{"self":[{"href":"https:\/\/lescreac.fr\/index.php?rest_route=\/wp\/v2\/product\/6061","targetHints":{"allow":["GET"]}}],"collection":[{"href":"https:\/\/lescreac.fr\/index.php?rest_route=\/wp\/v2\/product"}],"about":[{"href":"https:\/\/lescreac.fr\/index.php?rest_route=\/wp\/v2\/types\/product"}],"replies":[{"embeddable":true,"href":"https:\/\/lescreac.fr\/index.php?rest_route=%2Fwp%2Fv2%2Fcomments&post=6061"}],"wp:featuredmedia":[{"embeddable":true,"href":"https:\/\/lescreac.fr\/index.php?rest_route=\/wp\/v2\/media\/6059"}],"wp:attachment":[{"href":"https:\/\/lescreac.fr\/index.php?rest_route=%2Fwp%2Fv2%2Fmedia&parent=6061"}],"wp:term":[{"taxonomy":"product_brand","embeddable":true,"href":"https:\/\/lescreac.fr\/index.php?rest_route=%2Fwp%2Fv2%2Fproduct_brand&post=6061"},{"taxonomy":"product_cat","embeddable":true,"href":"https:\/\/lescreac.fr\/index.php?rest_route=%2Fwp%2Fv2%2Fproduct_cat&post=6061"},{"taxonomy":"product_tag","embeddable":true,"href":"https:\/\/lescreac.fr\/index.php?rest_route=%2Fwp%2Fv2%2Fproduct_tag&post=6061"}],"curies":[{"name":"wp","href":"https:\/\/api.w.org\/{rel}","templated":true}]}}